c0
51a (base 14) to base 3
1101012
Convert -22125 (base 7) to base 15.
-19a6
-3467 (base 12) to base 15
-1ae4
-441 (base 6) to base 4
-2221
What is 121022212 (base 3) in base 13?
5558
12487 (base 10) to base 9
18114
What is 14ac (base 13) in base 11?
22a1
-2816 (base 14) to base 2
-1101110100100
Convert -7652 (base 11) to base 14.
-3976
Convert -15647 (base 8) to base 7.
-26432
What is -92b (base 12) in base 9?
-1738
What is -90 (base 14) in base 4?
-1332
51143 (base 6) to base 9
10240
What is -310 (base 14) in base 4?
-21122
-180 (base 14) to base 15
-158
Convert -148 (base 15) to base 5.
-2133
What is -933 (base 10) in base 13?
-56a
-5252 (base 6) to base 16
-4a0
12302 (base 4) to base 2
110110010
Convert -d13 (base 15) to base 13.
-1455
10244 (base 6) to base 15
631
1101111000000 (base 2) to base 8
15700
-646 (base 12) to base 7
-2451
What is -16d8 (base 15) in base 14?
-1b20
Convert 13313 (base 6) to base 2.
100000001101
What is -101214 (base 7) in base 13?
-7b18
Convert 20222222 (base 3) to base 6.
35342
Convert -11111010010110 (base 2) to base 7.
-64466
Convert 1252 (base 6) to base 2.
101000000
1002222202 (base 3) to base 10
21863
Convert -1550 (base 7) to base 6.
-2515
-3105 (base 6) to base 9
-845
Convert -31221 (base 5) to base 6.
-13313
-7a1c (base 14) to base 13
-9854
What is 1001001011010 (base 2) in base 11?
3591
14 (base 10) to base 5
24
5380 (base 12) to base 13
4233
What is -3404 (base 5) in base 9?
-582
What is -331024 (base 5) in base 3?
-120121211
Convert 34414 (base 6) to base 9.
6651
-1032321 (base 5) to base 12
-a3a4
What is -408b (base 12) in base 4?
-1231223
-1585 (base 10) to base 14
-813
Convert -13d4 (base 14) to base 12.
-2052
Convert -419e (base 16) to base 8.
-40636
31565 (base 7) to base 3
101202022
Convert -202040 (base 7) to base 8.
-103030
Convert 20785 (base 10) to base 2.
101000100110001
What is 98dc (base 15) in base 16?
7e7e
284 (base 13) to base 2
110111110
Convert 4144021 (base 5) to base 10.
68636
Convert 850 (base 11) to base 8.
1777
-157 (base 15) to base 12
-217
What is 1013 (base 15) in base 6?
23413
What is -1a5 (base 16) in base 5?
-3141
-1518 (base 10) to base 5
-22033
-3333301 (base 4) to base 15
-4cb4
What is 1010111010 (base 2) in base 16?
2ba
What is 228 (base 9) in base 3?
20222
2430 (base 5) to base 14
1c1
101211 (base 4) to base 16
465
Convert -351314 (base 6) to base 4.
-13112332
Convert 3311331 (base 4) to base 13.
721b
Convert 5433 (base 7) to base 6.
12543
Convert 21417 (base 11) to base 2.
111100110001011
Convert 1d7 (base 16) to base 7.
1242
Convert -1121131 (base 4) to base 13.
-27b5
Convert 28a0 (base 11) to base 2.
111010011100
-cc13 (base 15) to base 13
-16896
Convert 1723 (base 8) to base 16.
3d3
What is -1976 (base 12) in base 9?
-4240
-1040 (base 6) to base 2
-11110000
-3440 (base 7) to base 5
-20003
11244 (base 5) to base 2
1100111000
10110011100 (base 2) to base 3
1222012
Convert -1244 (base 11) to base 5.
-22441
Convert -419 (base 13) to base 9.
-855
What is 48 (base 12) in base 5?
211
Convert -2572 (base 9) to base 3.
-2122102
Convert 122 (base 16) to base 8.
442
What is 53 (base 16) in base 5?
313
Convert -1110401 (base 5) to base 12.
-b330
What is ba7 (base 12) in base 11?
1316
Convert -617 (base 10) to base 8.
-1151
Convert -15b (base 12) to base 2.
-11010111
Convert -2313 (base 10) to base 8.
-4411
Convert -112011222 (base 3) to base 12.
-5b98
-3002 (base 5) to base 9
-458
What is -34 (base 16) in base 5?
-202
2055 (base 15) to base 14
26bc
What is -d321 (base 14) in base 7?
-210541
Convert 11000100111 (base 2) to base 12.
ab3
Convert -14986 (base 10) to base 3.
-202120001
What is -4a3 (base 12) in base 8?
-1273
10100000 (base 2) to base 9
187
101111101100101 (base 2) to base 6
305021
Convert 20311 (base 4) to base 15.
27a
What is -13738 (base 9) in base 11?
-7030
What is 8149 (base 11) in base 5?
321242
20816 (base 9) to base 2
11010111011001
What is -2323 (base 12) in base 10?
-3915
Convert 2415 (base 6) to base 8.
1113
173c (base 15) to base 4
1032033
What is 3131324 (base 5) in base 15?
10679
Convert 11201222 (base 3) to base 11.
2661
Convert -cd1 (base 14) to base 13.
-1200
Convert -4204 (base 13) to base 7.
-35422
-4d (base 16) to base 12
-65
What is 3b796 (base 12) in base 4?
110012202
-12110 (base 3) to base 2
-10010011
What is 1089d (base 14) in base 4?
21302323
Convert -4211 (base 5) to base 6.
-2324
What is 11425 (base 8) in base 4?
1030111
16125 (base 7) to base 5
121102
-176a (base 11) to base 13
-1045
Convert -3220 (base 15) to base 2.
-10100101101101
What is 21043 (base 6) in base 11?
2148
What is -887 (base 9) in base 2?
-1011010111
1250 (base 11) to base 4
121130
What is -665 (base 7) in base 12?
-245
Convert -12211122 (base 3) to base 7.
-15260
What is -8742 (base 9) in base 6?
-45445
Convert 23605 (base 8) to base 12.
5a31
What is 1537 (base 12) in base 11?
1965
Convert 2512 (base 6) to base 10.
620
What is -1002212212 (base 3) in base 6?
-244505
Convert 22243 (base 7) to base 2.
1010111110001
Convert 92 (base 13) to base 4.
1313
Convert -1627 (base 8) to base 10.
-919
What is 10100101101010 (base 2) in base 13?
4a97
What is -2051 (base 7) in base 10?
-722
What is -38b (base 16) in base 2?
-1110001011
-126 (base 7) to base 11
-63
-111011102 (base 3) to base 6
-112232
-1b3 (base 15) to base 7
-1101
Convert -15bd9 (base 14) to base 2.
-1101010011010011
What is -2687 (base 9) in base 15?
-8ed
-131621 (base 7) to base 8
-60126
What is 25360 (base 7) in base 11?
5047
Convert -1111111010 (base 2) to base 9.
-1351
-111000110 (base 2) to base 9
-554
1101111 (base 2) to base 7
216
516 (base 10) to base 9
633
-3cc (base 16) to base 15
-44c
What is -1010011111 (base 2) in base 6?
-3035
What is 9063 (base 10) in base 15?
2a43
Convert 100002 (base 4) to base 12.
716
What is -140341 (base 6) in base 7?
-53113
Convert -4a79 (base 14) to base 12.
-766b
5691 (base 14) to base 9
22542
What is -6326 (base 10) in base 8?
-14266
Convert b1e (base 15) to base 14.
cac
Convert 1300 (base 9) to base 15.
44c
355 (base 9) to base 4
10211
-2223131 (base 4) to base 15
-33b8
-1121011211 (base 3) to base 6
-401421
What is -110001010110111 (base 2) in base 16?
-62b7
Convert 32301 (base 4) to base 13.
579
What is -84 (base 12) in base 15?
-6a
What is 7101 (base 16) in base 11?
1a80a
Convert 24720 (base 9) to base 10.
16623
What is -105204 (base 6) in base 12?
-5204
What is 11001001101 (base 2) in base 5?
22423
Convert 816 (base 15) to base 5.
24241
-37e0 (base 16) to base 14
-52da
What is 22133 (base 4) in base 3?
220212
What is -1121002 (base 3) in base 7?
-3251
Convert -2688 (base 9) to base 3.
-2202222
What is 12725 (base 8) in base 9?
7600
Convert 111100001101010 (base 2) to base 4.
13201222
Convert 5561 (base 10) to base 8.
12671
-211210201 (base 3) to base 11
-11543
12116 (base 7) to base 15
dee
What is -27300 (base 11) in base 7?
-221410
-1001101010 (base 2) to base 8
-1152
What is 4403 (base 5) in base 8?
1133
Convert -110110000110 (base 2) to base 3.
-11202020
-7535 (base 9) to base 11
-4187
What is -a9b5 (base 12) in base 2?
-100100100011001
What is -11146 (base 8) in base 11?
-35a2
Convert 1e17 (base 16) to base 10.
7703
What is -110100111001001 (base 2) in base 15?
-8056
What is -2d6a (base 14) in base 9?
-12133
-476 (base 9) to base 13
-243
-25142 (base 6) to base 9
-5108
-5611 (base 9) to base 5
-113031
Convert 29d4 (base 16) to base 14.
3c8c
-6033 (base 9) to base 2
-1000100110100
What is -1a1 (base 14) in base 13?
-1cc
Convert 3212 (base 9) to base 2.
100100111000
Convert -16c1 (base 14) to base 7.
-14631
40251 (base 7) to base 11
7353
Convert -12bb (base 12) to base 7.
-6203
-210101 (base 3) to base 15
-287
Convert 9690 (base 13) to base 9.
31606
15133 (base 6) to base 7
10044
-951 (base 11) to base 8
-2171
What is -10111021 (base 3) in base 16?
-9f1
What is -1042 (base 7) in base 5?
-2443
Convert -1f3 (base 16) to base 10.
-499
-2465 (base 10) to base 3
-10101022
What is 2460 (base 9) in base 2?
11100101100
1000001100010010 (base 2) to base 15
9e1e
Convert 1233 (base 11) to base 16.
649
-202222012 (base 3) to base 7
-62366
Convert -10013 (base 4) to base 9.
-322
What is -110110011 (base 3) in base 10?
-9076
What is -1585 (base 10) in base 5?
-22320
What is 65